or of 280189?
False
Does 3 divide 18551?
False
Does 59 divide 12519441?
False
Does 107 divide 6307436?
True
Does 78 divide 1830671?
False
Is 254686 a multiple of 37?
False
Does 917 divide 8669318?
True
Is 321 a factor of 494132?
False
Is 367829 a multiple of 6?
False
Is 26607445 a multiple of 2056?
False
Is 69 a factor of 2524710?
True
Does 38 divide 827526?
True
Is 324801 a multiple of 717?
True
Does 218 divide 1063968?
False
Is 195 a factor of 412117?
False
Is 126700 a multiple of 14?
True
Is 779206 a multiple of 360?
False
Does 81 divide 5132407?
False
Is 2563198 a multiple of 11?
True
Does 6 divide 40818?
True
Is 12144060 a multiple of 523?
True
Is 22645328 a multiple of 16?
True
Does 155 divide 15411185?
True
Is 90876 a multiple of 79?
False
Is 813420 a multiple of 180?
True
Is 18319384 a multiple of 102?
False
Is 87554 a multiple of 15?
False
Is 27451 a multiple of 13?
False
Is 81 a factor of 158760?
True
Is 4380072 a multiple of 4?
True
Is 86 a factor of 623813?
False
Is 341 a factor of 16092487?
False
Is 327800 a multiple of 100?
True
Is 565170 a multiple of 5?
True
Is 284527 a multiple of 23?
False
Does 78 divide 1273350?
True
Does 6 divide 1570680?
True
Is 3 a factor of 478011?
True
Is 9 a factor of 4252131?
True
Is 19 a factor of 210866?
False
Does 293 divide 1420612?
False
Does 124 divide 8411664?
True
Does 8 divide 861350?
False
Is 91 a factor of 329143?
False
Does 41 divide 3414579?
False
Is 44 a factor of 185064?
True
Is 6 a factor of 859769?
False
Is 63686 a multiple of 172?
False
Does 154 divide 197683?
False
Does 62 divide 1704628?
True
Is 446102 a multiple of 17?
False
Is 39 a factor of 55497?
True
Does 385 divide 19250?
True
Is 2472816 a multiple of 278?
False
Is 144072 a multiple of 138?
True
Is 339 a factor of 200688?
True
Is 15 a factor of 158145?
True
Is 30 a factor of 110820?
True
Is 20250 a multiple of 15?
True
Does 5 divide 14172?
False
Does 647 divide 1312763?
True
Does 35 divide 2576170?
False
Does 256 divide 1031903?
False
Is 4854894 a multiple of 40?
False
Is 447361 a multiple of 31?
True
Is 14 a factor of 1001469?
False
Does 106 divide 364428?
True
Does 17 divide 354722?
True
Is 28 a factor of 287000?
True
Is 148385 a multiple of 12?
False
Is 7068942 a multiple of 17?
False
Is 9 a factor of 794097?
True
Is 92 a factor of 90804?
True
Is 622 a factor of 275824?
False
Is 3074520 a multiple of 24?
True
Does 614 divide 738950?
False
Is 31774113 a multiple of 21?
True
Is 3767719 a multiple of 5?
False
Is 15 a factor of 5869050?
True
Does 8 divide 106184?
True
Is 59231 a multiple of 57?
False
Is 5 a factor of 1055455?
True
Does 71 divide 681689?
False
Is 21620873 a multiple of 91?
False
Does 38 divide 193230?
True
Is 39 a factor of 1874289?
False
Does 30 divide 886945?
False
Does 5 divide 187235?
True
Is 4564093 a multiple of 71?
True
Is 68 a factor of 110092?
True
Is 160 a factor of 762285?
False
Does 572 divide 846026?
False
Is 499573 a multiple of 14?
False
Is 69 a factor of 4951923?
True
Does 398 divide 1763936?
True
Is 4 a factor of 90708?
True
Is 40376 a multiple of 56?
True
Is 98124 a multiple of 9?
False
Is 888360 a multiple of 40?
True
Is 213 a factor of 12794058?
True
Is 4311120 a multiple of 1420?
True
Is 2300760 a multiple of 198?
True
Is 254 a factor of 512572?
True
Is 2209550 a multiple of 25?
True
Is 72 a factor of 75096?
True
Is 252232 a multiple of 316?
False
Does 467 divide 279381?
False
Is 704512 a multiple of 256?
True
Is 48 a factor of 1621104?
True
Is 1588545 a multiple of 127?
False
Is 4 a factor of 758108?
True
Does 452 divide 172903?
False
Is 4892537 a multiple of 36?
False
Is 10780712 a multiple of 3?
False
Is 23 a factor of 449606?
False
Does 17 divide 1256088?
False
Is 108167 a multiple of 20?
False
Does 72 divide 3864960?
True
Is 212 a factor of 100064?
True
Does 152 divide 160968?
True
Is 87175 a multiple of 94?
False
Does 7 divide 61984?
False
Does 162 divide 150549?
False
Is 51 a factor of 5098674?
True
Is 119709 a multiple of 9?
True
Is 297534 a multiple of 249?
False
Is 268628 a multiple of 6?
False
Does 12 divide 60973?
False
Is 133037 a multiple of 60?
False
Is 763 a factor of 2739664?
False
Does 404 divide 2643776?
True
Is 10559677 a multiple of 577?
True
Is 8 a factor of 59752?
True
Does 432 divide 3630?
False
Is 22 a factor of 86548?
True
Is 323936 a multiple of 8?
True
Does 4 divide 3730229?
False
Is 874380 a multiple of 20?
True
Does 53 divide 1642243?
False
Is 12740245 a multiple of 292?
False
Is 290408 a multiple of 102?
False
Is 12943 a multiple of 3?
False
Does 36 divide 285434?
False
Does 45 divide 31050?
True
Is 818100 a multiple of 282?
False
Does 4 divide 2084?
True
Does 36 divide 708333?
False
Does 21 divide 93177?
True
Does 12 divide 3318181?
False
Is 1019 a factor of 7425453?
True
Is 94 a factor of 264961?
False
Is 20 a factor of 102680?
True
Is 46 a factor of 57963?
False
Does 37 divide 884098?
False
Is 52 a factor of 384358?
False
Is 43014 a multiple of 8?
False
Does 22 divide 5770798?
True
Does 96 divide 272544?
True
Is 21 a factor of 445982?
False
Does 8 divide 4344?
True
Is 980430 a multiple of 165?
True
Does 213 divide 91377?
True
Is 272912 a multiple of 461?
True
Is 14 a factor of 1413958?
True
Is 673662 a multiple of 13?
False
Is 134 a factor of 424110?
True
Is 69 a factor of 399073?
False
Is 14595115 a multiple of 71?
True
Does 388 divide 216116?
True
Is 92 a factor of 1046776?
True
Is 35 a factor of 21245?
True
Does 89 divide 31239?
True
Is 40 a factor of 101963?
False
Is 2397289 a multiple of 39?
False
Is 90 a factor of 2779?
False
Is 304 a factor of 99712?
True
Is 26 a factor of 68510?
True
Does 89 divide 1665840?
False
Is 22 a factor of 687253?
False
Does 117 divide 3234442?
False
Is 27 a factor of 1451001?
False
Is 7624293 a multiple of 45?
False
Is 6 a factor of 235518?
True
Does 27 divide 530712?
True
Is 2564492 a multiple of 134?
True
Does 214 divide 279698?
True
Does 44 divide 29260?
True
Is 476568 a multiple of 18?
True
Is 53215 a multiple of 4?
False
Is 404 a factor of 3082520?
True
Does 75 divide 10067399?
False
Is 73 a factor of 2088457?
True
Is 247 a factor of 56563?
True
Is 213 a factor of 121623?
True
Is 152930 a multiple of 12?
False
Is 15 a factor of 4491600?
True
Is 19 a factor of 196908?
False
Is 328852 a multiple of 55?
False
Is 256 a factor of 430336?
True
Is 12 a factor of 31164?
True
Is 211326 a multiple of 2?
True
Does 76 divide 1174884?
True
Is 48 a factor of 186000?
True
Is 574206 a multiple of 22?
False
Is 42906 a multiple of 316?
False
Is 108133 a multiple of 50?
False
Does 632 divide 7200376?
True
Is 23 a factor of 208382?
False
Is 17 a factor of 3186106?
True
Is 4384467 a multiple of 359?
True
Is 24 a factor of 8640?
True
Does 525 divide 839103?
False
Does 113 divide 1080845?
True
Is 49 a factor of 3093419?
True
Does 42 divide 1240898?
False
Is 52 a factor of 301132?
True
Does 17 divide 36976?
False
Is 681600 a multiple of 10?
True
Does 3 divide 235587?
True
Is 47 a factor of 5721500?
False
Is 65 a factor of 458645?
False
Does 13 divide 7932808?
True
Is 522 a factor of 18334?
False
Is 3 a factor of 2693670?
True
Does 76 divide 2899965?
False
Does 44 divide 6758356?
True
Is 57527 a multiple of 44?
False
Does 59 divide 4493086?
True
Is 10 a factor of 9369395?
False
Is 57 a factor of 49264?
False
Is 21 a factor of 7663425?
True
Is 26417 a multiple of 49?
False
Does 40 divide 607045?
False
Does 6 divide 1123470?
True
Is 13 a factor of 3101384?
True
Is 133 a factor of 71554?
True
Does 19 divide 86562?
False
Does 11 divide 216854?
True
Is 31 a factor of 28265?
False
Is 1053287 a multiple of 61?
True
Is 13 a factor of 346556?
False
Does 73 divide 597470?
False
Does 14 divide 463744?
False
Is 5 a factor of 3281250?
True
Does 10 divide 245504?
False
Does 48 divide 1539794?
False
Is 27625 a multiple of 17?
True
Does 5 divide 1510718?
False
Does 427 divide 2629893?
True
Is 15 a factor of 2263694?
False
Is 87 a factor of 17047998?
True
Does 23 divide 21183?
True
Is 8539 a multiple of 96?
False
Does 1101 divide 4579612?
False
Is 37 a factor of 1063716?
False
Is 34 a factor of 328441?
False
Is 127 a factor of 27024?
False
Is 1185777 a multiple of 179?
False
Does 54 divide 1921536?
True
Is 25900 a multiple of 40?
False
Does 31 divide 4687